m = j - -12. List the prime factors of m.
2, 3
List the prime factors of (-2)/6*0 + 41.
41
Suppose 4*c + 10 = 5*c + 5*p, -3*c - 5*p + 20 = 0. Suppose -w + 2 = 3, 100 = 5*j - c*w. List the prime factors of j.
19
Suppose -56 = -5*o + 14. Let f = -9 + o. What are the prime factors of f?
5
Let t(q) = 2*q**2 - 2*q + 2. Let m be t(-6). Suppose 0 = 4*o - 4*s - 196, -3*o + 4*s = -5*o + m. List the prime factors of o.
47
Let p be 0 - 2 - 2/2. Let b(h) = -7*h**3 - 3*h**2 - 8*h + 4. Let r(c) = -8*c**3 - 3*c**2 - 9*c + 4. Let f(u) = 7*b(u) - 6*r(u). List the prime factors of f(p).
2, 5
Let w = 15 - 8. Let l(a) = -2*a - 3*a + 6*a**3 - a**2 - 5*a**3 + w - 3*a**2. What are the prime factors of l(5)?
7
Let s(n) = -n + 5. Let d be s(4). Let i(c) = -d - 1 - c**2 + c + 4*c**2 - 2*c**2. List the prime factors of i(-4).
2, 5
Let o be (10/(-3))/(1/3). Let q be (-2)/o + (-58)/(-10). What are the prime factors of q/(-3*(-3)/6)?
2
Let j be (4/5)/(4/20). Suppose j*o + 8 = 0, x + 2*o - 13 = 6*o. List the prime factors of x.
5
Suppose 119 + 91 = 3*u. What are the prime factors of u?
2, 5, 7
Suppose -4*m - 12 = 0, -4*m - 242 = -3*j - 59. List the prime factors of j.
3, 19
Let b(d) = -d**3 + 11*d**2 + 8*d + 14. Let a be b(12). Let v = -24 - a. List the prime factors of v.
2, 5
Let b(s) = s**2 - 6*s + 19. List the prime factors of b(10).
59
Suppose -3*y + 122 = -184. What are the prime factors of y?
2, 3, 17
Let s(z) be the third derivative of 5*z**4/24 + 2*z**2. Let k be s(2). Let r = 21 - k. What are the prime factors of r?
11
Let d be 3 + -20 + (0 - -2). Suppose 5*a + b - 104 = 0, -3*a + 5*b - 2*b = -66. Let k = d + a. What are the prime factors of k?
2, 3
Suppose 0*w + 16 = 4*w. List the prime factors of w.
2
Let i(f) = -3*f + 5. Let q be i(10). Let t = 50 + q. Suppose 4*k - t - 55 = 0. What are the prime factors of k?
2, 5
Let g(i) = 2*i + 1. Let c be g(2). Suppose -7 - 3 = -c*l. What are the prime factors of l?
2
List the prime factors of (183/(-6))/((-1)/12).
2, 3, 61
Suppose 29*a = 25*a. Suppose -2*x - 3*x + 2*m = -2, a = -3*x - 5*m + 26. List the prime factors of x.
2
Let v(s) = -2*s**3 + s**2 - 2*s - 1. Let o(x) = x. Let c(z) = -4*o(z) - v(z). Let t be c(3). Suppose -4*i + t + 16 = 0. List the prime factors of i.
2, 7
Let a(z) = -10*z**2 + 2 - 3*z + 9*z**2 + 14*z + 1. List the prime factors of a(8).
3
Let d(s) = -3*s - 4. Let u be d(-3). Let t = 76 + -27. Suppose -t = -u*g + 1. List the prime factors of g.
2, 5
What are the prime factors of 3310/25*(-5)/(-2)?
331
Suppose -5*r = 5 - 185. Suppose 11*o = 8*o + r. List the prime factors of o.
2, 3
Let w be 16/6*(1 + -4). Let v be (1 - -3) + -2 - 1. What are the prime factors of (w/2)/(v + -2)?
2
Let b(c) = 4*c**2 + 2*c + 1. Suppose -3*i = -3 + 9. What are the prime factors of b(i)?
13
Let n be (220/(-8))/(1/(-2)). Suppose 0 = -2*a - 3*a + n. Let k = -5 + a. What are the prime factors of k?
2, 3
Let t = 1 - 3. Let j be (2/(-3))/(t/36). List the prime factors of ((-33)/j + 1)*-4.
7
Let i = 0 + 0. Let k be i/(2*1/2). Suppose k*f = -f + 6. What are the prime factors of f?
2, 3
Suppose 2*t - t = 0. Suppose 4*m + 24 = 5*h, t = 3*m - 2 - 10. Suppose 3*u = c - 28, 2*c + u - h = 27. List the prime factors of c.
19
What are the prime factors of 428/10 - (-4)/20?
43
Let u(k) = k**3 + 4*k**2 - k + 10. What are the prime factors of u(-3)?
2, 11
Let b(s) = s + 3. Let v be b(-3). Let n be 2/(-3 - (-2 - 2)). Suppose 0 = -n*o - v*o + 6. What are the prime factors of o?
3
Let g(a) = a**3 + 4*a**2 + 2*a + 1. Let h(i) = -i**2 - i - 1. Let c(m) = g(m) + h(m). Let x be c(-2). Suppose -x*b + 5 = -7. What are the prime factors of b?
2, 3
List the prime factors of -2 - (-33 + 2)*1.
29
What are the prime factors of 359/2 - 12/(-8)?
181
Suppose -2*z + 5*i + 39 = 0, -2*i - 118 = -4*z - 0*i. What are the prime factors of z?
2
Let x(r) = 6*r - 1. Let c be x(2). Let a = 2 + c. List the prime factors of a.
13
Suppose 2*m = -0*m - 36. Let q be ((-6)/m)/(2/(-6)). Let f = q - -5. What are the prime factors of f?
2
Suppose 47 = -62*n + 63*n. List the prime factors of n.
47
Suppose -d - 38 = -2*g - 0*d, -5*g + 110 = 5*d. What are the prime factors of g?
2, 5
Let j(a) be the second derivative of 5*a**3/6 - a**2 + 2*a. Suppose -4*t = -12 + 4. What are the prime factors of j(t)?
2
Suppose -3*y + 0 = -6. Suppose -4*i = v - i - 7, -y*i = -3*v + 76. What are the prime factors of v?
2, 11
Let o(t) = -6*t**2 + t. Let r be o(1). Let z = 7 + r. What are the prime factors of z?
2
Let h(u) be the third derivative of u**4/6 + 5*u**3/3 + 2*u**2. Let s be h(-8). Let l = -16 - s. What are the prime factors of l?
2, 3
Let q(m) be the second derivative of -m**3/6 + 3*m**2/2 + 2*m. Let w = -12 + 5. What are the prime factors of q(w)?
2, 5
List the prime factors of (2 - 2) + 0 - (1 - 261).
2, 5, 13
Suppose -a - z + 18 = 0, -3*a + 120 = 2*a - 5*z. What are the prime factors of a?
3, 7
Suppose 270*a = 266*a + 824. List the prime factors of a.
2, 103
Suppose -204 = -9*r + 5*r. List the prime factors of r.
3, 17
Suppose -4 = 3*o - 2*o. Let t(r) = -3*r - 5. Let k be t(o). Suppose -3*s + 15 = 5*f, -4*f - 2*s + k*s = -12. What are the prime factors of f?
3
Let i(k) = 2*k**2 + 3. What are the prime factors of i(-3)?
3, 7
Let v be (-1 - 2) + 0 + 0. Let d(q) = -q**3 - 3*q**2 - 3*q - 3. List the prime factors of d(v).
2, 3
Let a be -3 + -1 + 1 + 7. Suppose 0 = n - a + 1. What are the prime factors of n?
3
Suppose -2*n = -8 - 2. Suppose 2*t = 2*z - 6, -9 = z - n*z + 3*t. Suppose z*l = 3*l + 2*s - 2, 0 = -s - 2. What are the prime factors of l?
2
Suppose u - 2 = 1. Let v = u - -16. List the prime factors of v.
19
Let l be (2/(-1))/((-8)/(-20)). List the prime factors of 44/10 + 2/l.
2
Suppose -2*l - 14 = -0*h + 5*h, 6 = -5*h + 2*l. Let b be 141/9 + h/(-6). Suppose a - b = -0*a + 2*w, -4*w - 14 = a. What are the prime factors of a?
2, 3
Let z be (3/4)/((-2)/(-96)). Suppose -z = 5*g - 6. List the prime factors of (g/(-9))/(4/66).
11
Let v(o) = o + 7. Let w be v(-3). Suppose 3*m = -t - 30, m - 22 = 2*t - t. List the prime factors of t/(2/w + -2).
2
List the prime factors of ((-18)/4)/((-3)/102).
3, 17
What are the prime factors of (2/5)/(2/1230)?
2, 3, 41
Let l = -2 + 0. List the prime factors of (5/l)/((-4)/8).
5
Suppose 4*d - 82 = 34. Suppose 2*j + d = 3*j. List the prime factors of j.
29
Let y(g) = 2*g - 2. Let h(b) = -b + 2. Let d(v) = -3*h(v) - 4*y(v). Let i be d(-2). Suppose -i = -2*t + 10. What are the prime factors of t?
11
Let o be 0 + (-20)/(2 - 3). Suppose 0 = 3*n - o - 25. List the prime factors of n.
3, 5
Let h = 1111 - 789. What are the prime factors of h?
2, 7, 23
Suppose 3*l - 3*z - 411 + 30 = 0, 4*z = 20. What are the prime factors of l?
2, 3, 11
Suppose -k = 1 - 0. List the prime factors of (-100)/(-3) + k/3.
3, 11
Suppose 2 = 2*n - 6. Suppose 16 = 5*h + n*w - w, 0 = 5*h - w - 28. Suppose -2*o - s - 23 = -4*o, -h*o - 2*s + 71 = 0. List the prime factors of o.
13
Suppose -42 - 18 = -3*c. What are the prime factors of c?
2, 5
Let c be 27/18*20/6. Suppose 0 = -4*m + c + 79. What are the prime factors of m?
3, 7
Let m(c) = -c**3 - 19*c**2 - 10*c + 23. What are the prime factors of m(-19)?
3, 71
Let m = 7 - 1. Let u(x) = -4*x**2 + 4*x - 2. Let v(r) = -r**2 - r. Let p(y) = u(y) - 3*v(y). List the prime factors of p(m).
2
Suppose 0 = -7*p - 50 + 820. List the prime factors of p.
2, 5, 11
Let g(y) = -y - 8. Let x be g(-8). Suppose 5 = a - 0*a + 2*t, x = -t - 1. List the prime factors of a.
7
Let o be 1 - 8/1 - 0. Let w = 7 + o. Suppose w*j = 5*j - n - 80, -n = -j + 20. List the prime factors of j.
3, 5
Suppose 2*k + 11 - 2 = -3*y, 0 = 5*k - 5*y - 40. Suppose k*d + 7 = 34. What are the prime factors of d?
3
Let x(o) = o + 4. Let a be x(-4). Let t = -10 + 16. Suppose -i + t*i - 55 = a. List the prime factors of i.
11
Let g(b) = -80*b + 28. List the prime factors of g(-4).
2, 3, 29
Let i(b) = 36*b + 1. Let g = -7 + 8. List the prime factors of i(g).
37
What are the prime factors of 10/15*(-9)/(-6) - -32?
3, 11
List the prime factors of 6/15 + (-1872)/(-20).
2, 47
Suppose -351 = -4*v - d, -5*v + 2*d + 429 = -0*d. What are the prime factors of v?
3, 29
Let b(z) = z - 2. Let q be b(-6). What are the prime factors of 3/(1 + q/9)?
3
Let o(z) = -z**2 - 8*z - 9. Let k be o(-7). List t